- 5) + -17 - (-1 + 31).
-23
What is (-31 - -10 - (-5 - -3)) + 7?
-12
Calculate -67 + 79 - (3 + 34 + -1 + -1).
-23
-4 + (8 - 5 - 7) + 20 + 1
13
What is the value of 31 + -4 + 120 + -133?
14
What is the value of 7 + -9 + 16 - 18?
-4
Evaluate (2 - 36) + 27 - (5 + 1).
-13
Evaluate (-9 - (4 - (6 + 1) - 4)) + -5.
-7
What is the value of 6 - -3 - 11 - (-8 - -5)?
1
Evaluate 0 + 20 - (0 + -26 + 36).
10
(2 - -14) + (6 - (7 + 11) - -5)
9
What is the value of -5 + -1 + 15 + 3 + -2 - -2?
12
-3 + (-2 + (6 - 8) - (-1 + 5))
-11
What is -19 + 26 + -13 - (-25 + (-1 - 0))?
20
Evaluate -5 - -9 - (-2 - -11) - -5 - 8.
-8
Calculate (4 + 2 - 10) + 10.
6
Evaluate (27 - 0) + 84 + -98 + 7.
20
What is the value of 1 - 1 - (-4 + 0) - (160 + -168)?
12
11 - (-5 + -16 + 17)
15
Evaluate (274 - 309) + (2 - -53).
20
What is the value of (3 + -3 - -3) + -9 + 13 - 14?
-7
What is 2 + 16 - (20 + 13 + -27)?
12
What is (-29 - -38) + -9 + 6 + 5?
11
What is 13 + (-6 - (-14 - (10 - 12)))?
19
Evaluate 13 - 13 - (123 - 140).
17
(5 - (5 + -13)) + -2
11
(-7 - (-3 - 3)) + 0 - 7 - -7
-1
11 + -1 + -21 - -3
-8
Calculate 1 + -12 - (-18 + 6).
1
What is the value of 13 - (-5 + (12 - 2) + -1)?
9
Calculate 12 - ((10 - 8) + 3).
7
-4 + (-1 - -13 - 2)
6
What is the value of (-8 - -17) + (11 - (9 - -5))?
6
Calculate (-227 - -215) + -6 + 16.
-2
What is the value of -1 - (1 - (-2 + -13) - (2 - 3))?
-18
Calculate 0 + -1 + -9 + 4 - (-9 + 3).
0
Calculate -11 + 9 - (4 - -1) - -2.
-5
What is the value of -18 - (-25 + -4 + 12)?
-1
-7 - -12 - (2 - (-8 - -8))
3
What is (-3 - 12) + -55 + 69?
-1
Calculate 0 + 3 - (5 - ((-19 - -6) + 3)).
-12
What is 2 + 10 + -8 + 5 + 0 + -24?
-15
What is (44 - 38) + (0 - (4 + -10))?
12
Calculate 156 + -164 - (-4 - (-1 - 0)).
-5
(0 - (16 - (3 + 0))) + 7 - 1
-7
What is 3 + ((-7 - 2) + 11 + -7 - 21)?
-23
What is the value of (3 - (-3 + 3)) + 1 + -18?
-14
Calculate (-1 - 2) + (2 - 3) + (15 - 22).
-11
What is the value of -7 - (-14 - (-1 - 9))?
-3
Evaluate (64 - (22 + 29)) + (-33 - -1).
-19
Calculate -1300 + 1310 + (-1 - 0) + -11.
-2
What is (17 + 6 + -6 - (1 + 3)) + 7?
20
Evaluate -2 + -2 + 0 + 8 + -23 + 8.
-11
-6 - 0 - (-4 + 14 - 19)
3
Evaluate 2 + 5 + 9 - ((-9 - -18) + -7).
14
What is -3 - (-1 - (9 + 3 + -9))?
1
What is (-251 - -234) + -1 + 0?
-18
Evaluate -11 - 11 - -14 - -16.
8
What is 62 - 70 - (1 + 2)?
-11
What is -19 + 2 + 0 - -11?
-6
What is the value of -6 + (0 - -45 - 5) + 63 + -68?
29
20 + -27 - (-8 + (0 - (2 - 5)))
-2
What is the value of 0 + 8 + (8 - (-13 + 3 + 51))?
-25
What is the value of 0 - (-22 + (-3 - 2) + 6) - 5?
16
(24 - 3) + -3 + -11 - 15
-8
Evaluate -30 - (-5 - -6 - (69 - 59)).
-21
What is (3 - (3 + -2)) + (-47 - -40) + 8?
3
What is -10 - (-10 + (-12 - -10)) - -4?
6
What is (28 - 14) + (2 + -8 - (-19 + 9))?
18
What is 2 + (-2 - -2) + -18 - -7?
-9
Evaluate 4 + (-1 - 11 - (-5 - (-4 + 0))).
-7
Calculate (43 - 6 - 21) + -8.
8
-8 + (-4 - 1 - (-12 + 3))
-4
What is the value of -4 + 3 + -6 + (-6 - (-2 - -3))?
-14
What is the value of 7 - 18 - (10 + 3 - -12)?
-36
(-11 - ((-5 - 5) + -3)) + (2 - 11)
-7
Calculate (-8 - -11) + 0 + -1.
2
Evaluate (-2 - -2) + 18 - 2 - -9.
25
Evaluate 1 - (4 + (-2 + 5 - 3 - 18)).
15
-1 + 9 - (-30 + -26 + 67) - 2
-5
Evaluate 1 + (0 + -9 - (-24 + 22)).
-6
What is the value of -39 + (6 + 60 - -3)?
30
Evaluate -4 + (-32 - (-30 - 6)).
0
What is -14 - 6 - -21 - (-6 - 3)?
10
2 + -45 + (-2 - (5 + -22))
-28
What is -16 + -3 + (-2 - (5 + -2 + -5))?
-19
What is the value of (2 - (2 + 1 + 5) - -6) + 3?
3
What is 31 + (22 - 29) + -1?
23
(12 + -6 - 10) + -8
-12
What is -2 + 9 + -20 + 12 - -3?
2
What is the value of 89 + -84 - (-14 + 2)?
17
What is the value of 11 - (4 - 12) - (9 + -2)?
12
Calculate (-18 - -16 - -43) + -15 - 4.
22
What is the value of 26 - (5 + -2 - 0 - (183 - 177))?
29
-9 - (-2 - 22) - (-14 + 61)
-32
What is the value of (-42 - 1) + 49 + -41?
-35
What is the value of -15 + (-3 - -13) + -5 + 0?
-10
What is (-2 - (2 + (-5 - 4))) + (21 - 12)?
14
What is the value of 29 - (2 - 7) - -4 - (-25 + 32)?
31
Calculate 16 - (26 + 13 + -19).
-4
(-17 - -35) + -11 - 16
-9
What is (3 - -11) + -19 + -11 - -22?
6
What is -6 - (-3 + 0 + (-4 + 2 - -7))?
-8
Calculate 4 - -27 - (7 - 1) - (-45 - -50).
20
-3 - (29 - (-2 + 12) - -11)
-33
Evaluate 1 - (15 + -15 - 10).
11
(-2 - 0) + 2 + 150 + -148 - -7
9
What is the value of (-27 - -27) + 0 + -20?
-20
Calculate 0 + (9 + 8 - 29) - 18.
-30
What is -4 + (2 - (-3 + 1 - -2))?
-2
What is -376 + 367 - (1 - 9)?
-1
Calculate 0 + -4 + (8 - -2) + -19.
-13
(2 + (1 - -5) + -3 - 2) + -2
1
12 - ((1 - 9) + 3 - (-5 - 7))
5
(-19 - 6) + (-18 - (-10 + -13))
-20
What is (-4 + 5 - 5) + (-3 - 7 - -19)?
5
What is the value of 11 - (55 + -56 + (6 - 2))?
8
What is the value of -8 + (8 - 2) + 7 - (45 + -14)?
-26
Evaluate -19 + 15 - (14 - 10).
-8
7 - (11 - 2) - -7 - -8
13
Evaluate (4 - 2) + 23 - (71 + -60).
14
Calculate -56 + 45 + 7 - (1 - -12).
-17
Calculate 22 + 1 - (-337 - -363).
-3
What is 15 - (-14 + (22 - 5))?
12
What is 3 + -21 + 33 - 24?
-9
What is the value of 419 + -421 + (1 - -11)?
10
What is (-2 + -1 - (-59 - -41)) + -9 + 1?
7
Evaluate (-34 - -95) + -28 + (-5 - -4).
32
Evaluate -8 - (1 + (0 - (18 - 12))).
-3
Calculate -24 + 2 - (21 + -10 + -19 + 4).
-18
What is 5 + (4 - 3 - 9 - -16) + -23?
-10
2 - (0 + (0 - -7) + 0) - -14
9
Evaluate 9 + -11 + 9 + -22 + -7 + 2.
-20
What is -8 + 0 + (5 - (-7 + -10 + 27))?
-13
What is the value of -3 + (15 - (12 + -7)) + (1 - 8)?
0
Calculate 22 + (-12 - 0 - 6).
4
Evaluate 4 + -8 + -2 + (10 - 23) + 20.
1
What is (252 - 241 - (0 - (-2 + -3))) + -2?
4
What is the value of (-3 - (-31 - 8)) + -8?
28
0 + (0 - (-9 - -3)) + 2 + -1
7
Evaluate -1 - -16 - (-3550 - -3540).
25
Calculate 0 + 21 - (-6 - (-9 - (12 - 8))).
14
Calculate 11 + (11 - 19) + 1 + -8 - -1.
-3
Calculate (-31 - -31) + -17 - -1.
-16
11 - (2 + -26 + 36)
-1
What is -2 - (-8 - (-10 - 12 - -2))?
-14
Evaluate -18 + -2 + 3 + (-11 - (-22 + 6)).
-12
0 + -16 + 5 + (17 - 6) + -7
-7
What is the value of 18 - 12 - (26 + -11 - -17)?
-26
Calculate -2 + 3 + (0 + 0 + -4 - -1).
-2
Evaluate 0 + 1 + -6 + -10 + 10.
-5
(-5 - -16) + 6 + -20
-3
What is the value of (-5 - (1 + (-14 - 1))) + 3 + -7?
5
Calculate 6 + -1 - (-34 - -15 - -21).
3
Evaluate -13 + (1 - (-9 + -13)).
10
Calculate (-2 - 5) + (3 - 1 - (27 + -32)).
0
-12 + 8 - 3 - (-11 + -1 + 5)
0
Calculate 10 - (11 + -9) - 25.
-17
-8 + (29 - 12 - 8)
1
What is the value of (-2 - -1) + 182 + -162?
19
What is 23 - (9 - (7 - (8 + -6)))?
19
What is -87 + 92 - (4 + -16 - 4)?
21
Evaluate (-5 - -21) + 2 + 0 + (-11 - -7).
14
What is 3 + (1 - -3 - (28 - 2 - 9))?
-10
What is (4 - 10 - -1) + 2 + -8?
-11
Calculate (-9 - (4 - 8)) + (-35 - (-17 + -8)).
-15
Evaluate 1 + (-3 - -5) - 3 - (12 + 4).
-16
Calculate -12 + 2 + (1 - -5).
-4
-183 - -200 - (0 + 7) - (-6 - -2)
14
What is -16 + 8 + -9 + -4 + (-4 - -12)?
-13
What is (-1 + 3 - -11) + (-215 - -220)?
18
What is the value of 9 - -2 - (0 - -12)?
-1
Evaluate -6 + (10 + (4 - 21) - (1 - -2)).
-16
Calculate 0 + -15 + (11 - -22).
18
Evaluate (3 - 12 - 1) + (-17 - -11) + 8.
-8
Calculate (1 - ((-7 - -1) + 3) - 1) + -3.
0
What is -17 - ((-4 - -4) + (10 - 10))?
-17
Calculate -2 + (11 - 1 - (13 - 7)) + -4.
-2
Evaluate (-24 + 16 - (-2 + 1)) + 7.
0
Calculate 4 + -1 - (8 - -3).
-8
What is 5 - (15 - 34 - -14)?
10
Evaluate 2 + 29 - (13 + 1).
17
What is 6 - (6 - (16 + -8 - -3))?
11
-15 - -2 - (-8 + 15 + -8)
-12
What is 61 + -75 + (-2 - -5)?
-11
What is the value of 5 + -38 - (-173 + 165)?
-25
What is -1 - 0 - (-191 - -191) - -21?
20
What is 2 + 0 + 5 + -29 + (-14 - -30)?
-6
Calculate (-23 - (-5 - 12)) + 6.
0
Calculate (-4 - 7 - -14) + -7.
-4
What is the value of 42 + (10 - 10) + -6 - (9 + 0)?
27
What is the value of 27 - 3 - (1 - (-18 + 8))?
13
Calculate (-15 - (24 - 24)) + 3.
-12
Evaluate -22 - (1 + (14 - 33)).
-4
Evaluate 1 - 31 - (-64 + 46).
-12
5 + (-4 - (12 + -3)) + -11
-19
Calculate (0 - (0 + -10)) + -956 + 934.
-12
Evaluate 136 + -130 + -1 + 7.
12
Evaluate -5 + -4 + 0 + (121 - 99).
13
What is 3 - (0 + 6 - 0 - (104 + -99))?
2
What is the value of -1 + 1 - (41 - 48)?
7
What is 1 - -8 - ((-5 - (-16 + 9)) + 2)?
5
Evaluate -7 - (-14 + (-7 - -6)).
8
Evaluate 1 + 0 + 1 + 3 + 63 + -78.
-10
(1 - 2) + 10 + 2 + (-7 - 0)
4
5 - (5 + 1 + -68 + 53)
14
Evaluate 6 + -6 + (-14 - -15) + 1 + -3.
-1
What is 1 